{"id":125,"date":"2017-08-03T10:24:16","date_gmt":"2017-08-03T08:24:16","guid":{"rendered":"http:\/\/babad.fr\/?page_id=125"},"modified":"2025-08-09T18:08:37","modified_gmt":"2025-08-09T16:08:37","slug":"modalites","status":"publish","type":"page","link":"https:\/\/babad.fr\/index.php\/nous-rejoindre\/modalites\/","title":{"rendered":"Modalit\u00e9s"},"content":{"rendered":"<p>Si vous voulez nous rejoindre, vous avez la possibilit\u00e9 de venir faire 2 s\u00e9ances d\u2019essai.<\/p>\n<p>Le club peut vous\u00a0pr\u00eater du mat\u00e9riel pour d\u00e9buter et vous pourrez acheter des volants.<\/p>\n<p>Pour l&rsquo;inscription, tout se passe en ligne :<\/p>\n<p>&#8211; Pour les anciens , en vous connectant avec votre compte ( si vous en avez un ) ou en cr\u00e9ant un ( le login est le num\u00e9ro de licence et cr\u00e9ation d&rsquo;un mot de passe )<br \/>\nsur<span style=\"color: #3366ff;\"> <a style=\"color: #3366ff;\" href=\"https:\/\/myffbad.fr\/connexion\"><span id=\"OBJ_PREFIX_DWT318_com_zimbra_url\" class=\"Object\"><span id=\"OBJ_PREFIX_DWT319_com_zimbra_url\" class=\"Object\">https:\/\/myffbad.fr\/connexion<\/span><\/span><\/a><\/span> , puis cliquer ensuite sur le bouton \u00ab\u00a0renouveler ma cotisation et ma licence\u00a0\u00bb<\/p>\n<p>&#8211; Pour les nouveaux , en passant par celui du club<span id=\"OBJ_PREFIX_DWT320_com_zimbra_url\" class=\"Object\" style=\"color: #3366ff;\"> <span id=\"OBJ_PREFIX_DWT321_com_zimbra_url\" class=\"Object\"><a style=\"color: #3366ff;\" href=\"https:\/\/adherer.myffbad.fr\/BBC38\" target=\"_blank\" rel=\"noopener\">https:\/\/adherer.myffbad.fr\/BBC38<\/a><\/span> <\/span>puis cliquer sur \u00ab\u00a0adh\u00e9rer et prendre ma licence dans ce club\u00a0\u00bb<\/p>\n<p>Et ensuite laissez-vous guider&#8230;<\/p>\n<p>Vous recevrez ensuite un mail r\u00e9capitulatif et je devrais ensuite valider votre dossier et le montant de votre licence.<\/p>\n<p>Pour le montant de votre licence, vous l&rsquo;aurez \u00e0 la fin de la manip suivant vos conditions ( entra\u00eenement ou pas, r\u00e9duction possible ou pas ) :<\/p>\n<p>Le RIB du club pour payer par virement pour ceux qui le souhaitent est donn\u00e9 \u00e0 la fin de l\u2019inscription ( toujours dans le m\u00eame esprit d&rsquo;\u00e9viter le papier ).<\/p>\n<p>Si vous avez une r\u00e9ponse positive \u00e0 une ou plusieurs questions du questionnaire de sant\u00e9 lors de l&rsquo;inscription en ligne, alors il faudra fournir le certificat m\u00e9dical suivant :<\/p>\n<table width=\"600px\">\n<tbody>\n<tr>\n<td width=\"650px\">\n<table width=\"575\">\n<tbody>\n<tr>\n<td align=\"left\" valign=\"top\" width=\"60px\"><a href=\"https:\/\/babad.fr\/wp-content\/uploads\/2024\/08\/Certificat.pdf\" target=\"_blank\" rel=\"noopener\"><img loading=\"lazy\" decoding=\"async\" class=\"alignnone wp-image-135 size-full\" src=\"https:\/\/babad.fr\/wp-content\/uploads\/2017\/08\/Certificat_Licence.jpg\" alt=\"\" width=\"139\" height=\"139\" \/><\/a><\/td>\n<td width=\"650px\"><strong>\u00a0\u00a0\u00a0\u00a0\u00a0\u00a0\u00a0 Certificat m\u00e9dical<\/strong><\/td>\n<\/tr>\n<\/tbody>\n<\/table>\n<\/td>\n<\/tr>\n<\/tbody>\n<\/table>\n<p>Il ne reste plus qu&rsquo;\u00e0 prendre votre raquette et venir nous rejoindre au gymnase des Combettes.<\/p>\n<p>Pour les nouveaux licenci\u00e9s, nous vous demanderons de faire votre inscription au plus tard apr\u00e8s la seconde s\u00e9ance d&rsquo;essai&#8230;<\/p>\n<p><strong>\u00a0<\/strong><\/p>\n","protected":false},"excerpt":{"rendered":"<p>Si vous voulez nous rejoindre, vous avez la possibilit\u00e9 de venir faire 2 s\u00e9ances d\u2019essai. Le club peut vous\u00a0pr\u00eater du mat\u00e9riel pour d\u00e9buter et vous pourrez acheter des volants. Pour l&rsquo;inscription, tout se passe en ligne : &#8211; Pour les anciens , en vous connectant avec votre compte ( si vous en avez un ) [&hellip;]<\/p>\n","protected":false},"author":1,"featured_media":0,"parent":123,"menu_order":0,"comment_status":"closed","ping_status":"closed","template":"","meta":{"footnotes":""},"yoast_head":"<!-- This site is optimized with the Yoast SEO plugin v21.7 - https:\/\/yoast.com\/wordpress\/plugins\/seo\/ -->\n<title>Modalit\u00e9s - B-A Bad des Commiers (BBC38)<\/title>\n<meta name=\"robots\" content=\"index, follow, max-snippet:-1, max-image-preview:large, max-video-preview:-1\" \/>\n<link rel=\"canonical\" href=\"https:\/\/babad.fr\/index.php\/nous-rejoindre\/modalites\/\" \/>\n<meta property=\"og:locale\" content=\"fr_FR\" \/>\n<meta property=\"og:type\" content=\"article\" \/>\n<meta property=\"og:title\" content=\"Modalit\u00e9s - B-A Bad des Commiers (BBC38)\" \/>\n<meta property=\"og:description\" content=\"Si vous voulez nous rejoindre, vous avez la possibilit\u00e9 de venir faire 2 s\u00e9ances d\u2019essai. Le club peut vous\u00a0pr\u00eater du mat\u00e9riel pour d\u00e9buter et vous pourrez acheter des volants. Pour l&rsquo;inscription, tout se passe en ligne : &#8211; Pour les anciens , en vous connectant avec votre compte ( si vous en avez un ) [&hellip;]\" \/>\n<meta property=\"og:url\" content=\"https:\/\/babad.fr\/index.php\/nous-rejoindre\/modalites\/\" \/>\n<meta property=\"og:site_name\" content=\"B-A Bad des Commiers (BBC38)\" \/>\n<meta property=\"article:modified_time\" content=\"2025-08-09T16:08:37+00:00\" \/>\n<meta property=\"og:image\" content=\"https:\/\/babad.fr\/wp-content\/uploads\/2017\/08\/Certificat_Licence.jpg\" \/>\n<meta name=\"twitter:card\" content=\"summary_large_image\" \/>\n<meta name=\"twitter:label1\" content=\"Dur\u00e9e de lecture estim\u00e9e\" \/>\n\t<meta name=\"twitter:data1\" content=\"2 minutes\" \/>\n<script type=\"application\/ld+json\" class=\"yoast-schema-graph\">{\"@context\":\"https:\/\/schema.org\",\"@graph\":[{\"@type\":\"WebPage\",\"@id\":\"https:\/\/babad.fr\/index.php\/nous-rejoindre\/modalites\/\",\"url\":\"https:\/\/babad.fr\/index.php\/nous-rejoindre\/modalites\/\",\"name\":\"Modalit\u00e9s - B-A Bad des Commiers (BBC38)\",\"isPartOf\":{\"@id\":\"https:\/\/babad.fr\/#website\"},\"datePublished\":\"2017-08-03T08:24:16+00:00\",\"dateModified\":\"2025-08-09T16:08:37+00:00\",\"breadcrumb\":{\"@id\":\"https:\/\/babad.fr\/index.php\/nous-rejoindre\/modalites\/#breadcrumb\"},\"inLanguage\":\"fr-FR\",\"potentialAction\":[{\"@type\":\"ReadAction\",\"target\":[\"https:\/\/babad.fr\/index.php\/nous-rejoindre\/modalites\/\"]}]},{\"@type\":\"BreadcrumbList\",\"@id\":\"https:\/\/babad.fr\/index.php\/nous-rejoindre\/modalites\/#breadcrumb\",\"itemListElement\":[{\"@type\":\"ListItem\",\"position\":1,\"name\":\"Accueil\",\"item\":\"https:\/\/babad.fr\/\"},{\"@type\":\"ListItem\",\"position\":2,\"name\":\"Nous Rejoindre\",\"item\":\"https:\/\/babad.fr\/index.php\/nous-rejoindre\/\"},{\"@type\":\"ListItem\",\"position\":3,\"name\":\"Modalit\u00e9s\"}]},{\"@type\":\"WebSite\",\"@id\":\"https:\/\/babad.fr\/#website\",\"url\":\"https:\/\/babad.fr\/\",\"name\":\"B-A Bad des Commiers (BBC38)\",\"description\":\"Le club de badminton de Saint Georges de Commiers, affili\u00e9 \u00e0 la f\u00e9d\u00e9ration fran\u00e7aise de badminton, vous accueille au gymnase des Combettes tous les mercredis, jeudis et vendredis soirs et le samedi matin et met \u00e0 votre disposition 4 terrains pour jouer en loisirs ou en comp\u00e9tition.\",\"publisher\":{\"@id\":\"https:\/\/babad.fr\/#\/schema\/person\/e8a11ed124097a9c25882474f5a403d5\"},\"potentialAction\":[{\"@type\":\"SearchAction\",\"target\":{\"@type\":\"EntryPoint\",\"urlTemplate\":\"https:\/\/babad.fr\/?s={search_term_string}\"},\"query-input\":\"required name=search_term_string\"}],\"inLanguage\":\"fr-FR\"},{\"@type\":[\"Person\",\"Organization\"],\"@id\":\"https:\/\/babad.fr\/#\/schema\/person\/e8a11ed124097a9c25882474f5a403d5\",\"name\":\"babad\",\"image\":{\"@type\":\"ImageObject\",\"inLanguage\":\"fr-FR\",\"@id\":\"https:\/\/babad.fr\/#\/schema\/person\/image\/\",\"url\":\"https:\/\/secure.gravatar.com\/avatar\/b83764d372c273528312bec210c5a854?s=96&d=mm&r=g\",\"contentUrl\":\"https:\/\/secure.gravatar.com\/avatar\/b83764d372c273528312bec210c5a854?s=96&d=mm&r=g\",\"caption\":\"babad\"},\"logo\":{\"@id\":\"https:\/\/babad.fr\/#\/schema\/person\/image\/\"}}]}<\/script>\n<!-- \/ Yoast SEO plugin. -->","yoast_head_json":{"title":"Modalit\u00e9s - B-A Bad des Commiers (BBC38)","robots":{"index":"index","follow":"follow","max-snippet":"max-snippet:-1","max-image-preview":"max-image-preview:large","max-video-preview":"max-video-preview:-1"},"canonical":"https:\/\/babad.fr\/index.php\/nous-rejoindre\/modalites\/","og_locale":"fr_FR","og_type":"article","og_title":"Modalit\u00e9s - B-A Bad des Commiers (BBC38)","og_description":"Si vous voulez nous rejoindre, vous avez la possibilit\u00e9 de venir faire 2 s\u00e9ances d\u2019essai. Le club peut vous\u00a0pr\u00eater du mat\u00e9riel pour d\u00e9buter et vous pourrez acheter des volants. Pour l&rsquo;inscription, tout se passe en ligne : &#8211; Pour les anciens , en vous connectant avec votre compte ( si vous en avez un ) [&hellip;]","og_url":"https:\/\/babad.fr\/index.php\/nous-rejoindre\/modalites\/","og_site_name":"B-A Bad des Commiers (BBC38)","article_modified_time":"2025-08-09T16:08:37+00:00","og_image":[{"url":"https:\/\/babad.fr\/wp-content\/uploads\/2017\/08\/Certificat_Licence.jpg"}],"twitter_card":"summary_large_image","twitter_misc":{"Dur\u00e9e de lecture estim\u00e9e":"2 minutes"},"schema":{"@context":"https:\/\/schema.org","@graph":[{"@type":"WebPage","@id":"https:\/\/babad.fr\/index.php\/nous-rejoindre\/modalites\/","url":"https:\/\/babad.fr\/index.php\/nous-rejoindre\/modalites\/","name":"Modalit\u00e9s - B-A Bad des Commiers (BBC38)","isPartOf":{"@id":"https:\/\/babad.fr\/#website"},"datePublished":"2017-08-03T08:24:16+00:00","dateModified":"2025-08-09T16:08:37+00:00","breadcrumb":{"@id":"https:\/\/babad.fr\/index.php\/nous-rejoindre\/modalites\/#breadcrumb"},"inLanguage":"fr-FR","potentialAction":[{"@type":"ReadAction","target":["https:\/\/babad.fr\/index.php\/nous-rejoindre\/modalites\/"]}]},{"@type":"BreadcrumbList","@id":"https:\/\/babad.fr\/index.php\/nous-rejoindre\/modalites\/#breadcrumb","itemListElement":[{"@type":"ListItem","position":1,"name":"Accueil","item":"https:\/\/babad.fr\/"},{"@type":"ListItem","position":2,"name":"Nous Rejoindre","item":"https:\/\/babad.fr\/index.php\/nous-rejoindre\/"},{"@type":"ListItem","position":3,"name":"Modalit\u00e9s"}]},{"@type":"WebSite","@id":"https:\/\/babad.fr\/#website","url":"https:\/\/babad.fr\/","name":"B-A Bad des Commiers (BBC38)","description":"Le club de badminton de Saint Georges de Commiers, affili\u00e9 \u00e0 la f\u00e9d\u00e9ration fran\u00e7aise de badminton, vous accueille au gymnase des Combettes tous les mercredis, jeudis et vendredis soirs et le samedi matin et met \u00e0 votre disposition 4 terrains pour jouer en loisirs ou en comp\u00e9tition.","publisher":{"@id":"https:\/\/babad.fr\/#\/schema\/person\/e8a11ed124097a9c25882474f5a403d5"},"potentialAction":[{"@type":"SearchAction","target":{"@type":"EntryPoint","urlTemplate":"https:\/\/babad.fr\/?s={search_term_string}"},"query-input":"required name=search_term_string"}],"inLanguage":"fr-FR"},{"@type":["Person","Organization"],"@id":"https:\/\/babad.fr\/#\/schema\/person\/e8a11ed124097a9c25882474f5a403d5","name":"babad","image":{"@type":"ImageObject","inLanguage":"fr-FR","@id":"https:\/\/babad.fr\/#\/schema\/person\/image\/","url":"https:\/\/secure.gravatar.com\/avatar\/b83764d372c273528312bec210c5a854?s=96&d=mm&r=g","contentUrl":"https:\/\/secure.gravatar.com\/avatar\/b83764d372c273528312bec210c5a854?s=96&d=mm&r=g","caption":"babad"},"logo":{"@id":"https:\/\/babad.fr\/#\/schema\/person\/image\/"}}]}},"_links":{"self":[{"href":"https:\/\/babad.fr\/index.php\/wp-json\/wp\/v2\/pages\/125"}],"collection":[{"href":"https:\/\/babad.fr\/index.php\/wp-json\/wp\/v2\/pages"}],"about":[{"href":"https:\/\/babad.fr\/index.php\/wp-json\/wp\/v2\/types\/page"}],"author":[{"embeddable":true,"href":"https:\/\/babad.fr\/index.php\/wp-json\/wp\/v2\/users\/1"}],"replies":[{"embeddable":true,"href":"https:\/\/babad.fr\/index.php\/wp-json\/wp\/v2\/comments?post=125"}],"version-history":[{"count":52,"href":"https:\/\/babad.fr\/index.php\/wp-json\/wp\/v2\/pages\/125\/revisions"}],"predecessor-version":[{"id":833,"href":"https:\/\/babad.fr\/index.php\/wp-json\/wp\/v2\/pages\/125\/revisions\/833"}],"up":[{"embeddable":true,"href":"https:\/\/babad.fr\/index.php\/wp-json\/wp\/v2\/pages\/123"}],"wp:attachment":[{"href":"https:\/\/babad.fr\/index.php\/wp-json\/wp\/v2\/media?parent=125"}],"curies":[{"name":"wp","href":"https:\/\/api.w.org\/{rel}","templated":true}]}}