{"id":157,"date":"2017-08-03T11:51:28","date_gmt":"2017-08-03T09:51:28","guid":{"rendered":"http:\/\/babad.fr\/?page_id=157"},"modified":"2025-08-04T19:32:45","modified_gmt":"2025-08-04T17:32:45","slug":"tarifs","status":"publish","type":"page","link":"https:\/\/babad.fr\/index.php\/nous-rejoindre\/tarifs\/","title":{"rendered":"Tarifs"},"content":{"rendered":"<p>Prix de l\u2019adh\u00e9sion pour la saison 2025\/2024 :<\/p>\n<ul>\n<li>Adultes avec entra\u00eenement\u00a0 : 125 \u20ac<\/li>\n<li>Adultes sans entra\u00eenement : 105 \u20ac<\/li>\n<li>Jeunes ( CP \u00e0 6\u00e8me ) : 80 \u20ac<\/li>\n<\/ul>\n<p>Nous sommes partenaire avec le pass r\u00e9gion et la carte Tattoo, nous prenons aussi le pass&rsquo; sport pour ceux qui sont \u00e9ligibles.<\/p>\n<p>R\u00e8glement par virement ( RIB en fin d&rsquo;inscription )<\/p>\n","protected":false},"excerpt":{"rendered":"<p>Prix de l\u2019adh\u00e9sion pour la saison 2025\/2024 : Adultes avec entra\u00eenement\u00a0 : 125 \u20ac Adultes sans entra\u00eenement : 105 \u20ac Jeunes ( CP \u00e0 6\u00e8me ) : 80 \u20ac Nous sommes partenaire avec le pass r\u00e9gion et la carte Tattoo, nous prenons aussi le pass&rsquo; sport pour ceux qui sont \u00e9ligibles. R\u00e8glement par virement ( [&hellip;]<\/p>\n","protected":false},"author":1,"featured_media":0,"parent":123,"menu_order":1,"comment_status":"closed","ping_status":"closed","template":"","meta":{"footnotes":""},"yoast_head":"<!-- This site is optimized with the Yoast SEO plugin v21.7 - https:\/\/yoast.com\/wordpress\/plugins\/seo\/ -->\n<title>Tarifs - B-A Bad des Commiers (BBC38)<\/title>\n<meta name=\"robots\" content=\"index, follow, max-snippet:-1, max-image-preview:large, max-video-preview:-1\" \/>\n<link rel=\"canonical\" href=\"https:\/\/babad.fr\/index.php\/nous-rejoindre\/tarifs\/\" \/>\n<meta property=\"og:locale\" content=\"fr_FR\" \/>\n<meta property=\"og:type\" content=\"article\" \/>\n<meta property=\"og:title\" content=\"Tarifs - B-A Bad des Commiers (BBC38)\" \/>\n<meta property=\"og:description\" content=\"Prix de l\u2019adh\u00e9sion pour la saison 2025\/2024 : Adultes avec entra\u00eenement\u00a0 : 125 \u20ac Adultes sans entra\u00eenement : 105 \u20ac Jeunes ( CP \u00e0 6\u00e8me ) : 80 \u20ac Nous sommes partenaire avec le pass r\u00e9gion et la carte Tattoo, nous prenons aussi le pass&rsquo; sport pour ceux qui sont \u00e9ligibles. R\u00e8glement par virement ( [&hellip;]\" \/>\n<meta property=\"og:url\" content=\"https:\/\/babad.fr\/index.php\/nous-rejoindre\/tarifs\/\" \/>\n<meta property=\"og:site_name\" content=\"B-A Bad des Commiers (BBC38)\" \/>\n<meta property=\"article:modified_time\" content=\"2025-08-04T17:32:45+00:00\" \/>\n<meta name=\"twitter:card\" content=\"summary_large_image\" \/>\n<meta name=\"twitter:label1\" content=\"Dur\u00e9e de lecture estim\u00e9e\" \/>\n\t<meta name=\"twitter:data1\" content=\"1 minute\" \/>\n<script type=\"application\/ld+json\" class=\"yoast-schema-graph\">{\"@context\":\"https:\/\/schema.org\",\"@graph\":[{\"@type\":\"WebPage\",\"@id\":\"https:\/\/babad.fr\/index.php\/nous-rejoindre\/tarifs\/\",\"url\":\"https:\/\/babad.fr\/index.php\/nous-rejoindre\/tarifs\/\",\"name\":\"Tarifs - B-A Bad des Commiers (BBC38)\",\"isPartOf\":{\"@id\":\"https:\/\/babad.fr\/#website\"},\"datePublished\":\"2017-08-03T09:51:28+00:00\",\"dateModified\":\"2025-08-04T17:32:45+00:00\",\"breadcrumb\":{\"@id\":\"https:\/\/babad.fr\/index.php\/nous-rejoindre\/tarifs\/#breadcrumb\"},\"inLanguage\":\"fr-FR\",\"potentialAction\":[{\"@type\":\"ReadAction\",\"target\":[\"https:\/\/babad.fr\/index.php\/nous-rejoindre\/tarifs\/\"]}]},{\"@type\":\"BreadcrumbList\",\"@id\":\"https:\/\/babad.fr\/index.php\/nous-rejoindre\/tarifs\/#breadcrumb\",\"itemListElement\":[{\"@type\":\"ListItem\",\"position\":1,\"name\":\"Accueil\",\"item\":\"https:\/\/babad.fr\/\"},{\"@type\":\"ListItem\",\"position\":2,\"name\":\"Nous Rejoindre\",\"item\":\"https:\/\/babad.fr\/index.php\/nous-rejoindre\/\"},{\"@type\":\"ListItem\",\"position\":3,\"name\":\"Tarifs\"}]},{\"@type\":\"WebSite\",\"@id\":\"https:\/\/babad.fr\/#website\",\"url\":\"https:\/\/babad.fr\/\",\"name\":\"B-A Bad des Commiers (BBC38)\",\"description\":\"Le club de badminton de Saint Georges de Commiers, affili\u00e9 \u00e0 la f\u00e9d\u00e9ration fran\u00e7aise de badminton, vous accueille au gymnase des Combettes tous les mercredis, jeudis et vendredis soirs et le samedi matin et met \u00e0 votre disposition 4 terrains pour jouer en loisirs ou en comp\u00e9tition.\",\"publisher\":{\"@id\":\"https:\/\/babad.fr\/#\/schema\/person\/e8a11ed124097a9c25882474f5a403d5\"},\"potentialAction\":[{\"@type\":\"SearchAction\",\"target\":{\"@type\":\"EntryPoint\",\"urlTemplate\":\"https:\/\/babad.fr\/?s={search_term_string}\"},\"query-input\":\"required name=search_term_string\"}],\"inLanguage\":\"fr-FR\"},{\"@type\":[\"Person\",\"Organization\"],\"@id\":\"https:\/\/babad.fr\/#\/schema\/person\/e8a11ed124097a9c25882474f5a403d5\",\"name\":\"babad\",\"image\":{\"@type\":\"ImageObject\",\"inLanguage\":\"fr-FR\",\"@id\":\"https:\/\/babad.fr\/#\/schema\/person\/image\/\",\"url\":\"https:\/\/secure.gravatar.com\/avatar\/b83764d372c273528312bec210c5a854?s=96&d=mm&r=g\",\"contentUrl\":\"https:\/\/secure.gravatar.com\/avatar\/b83764d372c273528312bec210c5a854?s=96&d=mm&r=g\",\"caption\":\"babad\"},\"logo\":{\"@id\":\"https:\/\/babad.fr\/#\/schema\/person\/image\/\"}}]}<\/script>\n<!-- \/ Yoast SEO plugin. -->","yoast_head_json":{"title":"Tarifs - B-A Bad des Commiers (BBC38)","robots":{"index":"index","follow":"follow","max-snippet":"max-snippet:-1","max-image-preview":"max-image-preview:large","max-video-preview":"max-video-preview:-1"},"canonical":"https:\/\/babad.fr\/index.php\/nous-rejoindre\/tarifs\/","og_locale":"fr_FR","og_type":"article","og_title":"Tarifs - B-A Bad des Commiers (BBC38)","og_description":"Prix de l\u2019adh\u00e9sion pour la saison 2025\/2024 : Adultes avec entra\u00eenement\u00a0 : 125 \u20ac Adultes sans entra\u00eenement : 105 \u20ac Jeunes ( CP \u00e0 6\u00e8me ) : 80 \u20ac Nous sommes partenaire avec le pass r\u00e9gion et la carte Tattoo, nous prenons aussi le pass&rsquo; sport pour ceux qui sont \u00e9ligibles. R\u00e8glement par virement ( [&hellip;]","og_url":"https:\/\/babad.fr\/index.php\/nous-rejoindre\/tarifs\/","og_site_name":"B-A Bad des Commiers (BBC38)","article_modified_time":"2025-08-04T17:32:45+00:00","twitter_card":"summary_large_image","twitter_misc":{"Dur\u00e9e de lecture estim\u00e9e":"1 minute"},"schema":{"@context":"https:\/\/schema.org","@graph":[{"@type":"WebPage","@id":"https:\/\/babad.fr\/index.php\/nous-rejoindre\/tarifs\/","url":"https:\/\/babad.fr\/index.php\/nous-rejoindre\/tarifs\/","name":"Tarifs - B-A Bad des Commiers (BBC38)","isPartOf":{"@id":"https:\/\/babad.fr\/#website"},"datePublished":"2017-08-03T09:51:28+00:00","dateModified":"2025-08-04T17:32:45+00:00","breadcrumb":{"@id":"https:\/\/babad.fr\/index.php\/nous-rejoindre\/tarifs\/#breadcrumb"},"inLanguage":"fr-FR","potentialAction":[{"@type":"ReadAction","target":["https:\/\/babad.fr\/index.php\/nous-rejoindre\/tarifs\/"]}]},{"@type":"BreadcrumbList","@id":"https:\/\/babad.fr\/index.php\/nous-rejoindre\/tarifs\/#breadcrumb","itemListElement":[{"@type":"ListItem","position":1,"name":"Accueil","item":"https:\/\/babad.fr\/"},{"@type":"ListItem","position":2,"name":"Nous Rejoindre","item":"https:\/\/babad.fr\/index.php\/nous-rejoindre\/"},{"@type":"ListItem","position":3,"name":"Tarifs"}]},{"@type":"WebSite","@id":"https:\/\/babad.fr\/#website","url":"https:\/\/babad.fr\/","name":"B-A Bad des Commiers (BBC38)","description":"Le club de badminton de Saint Georges de Commiers, affili\u00e9 \u00e0 la f\u00e9d\u00e9ration fran\u00e7aise de badminton, vous accueille au gymnase des Combettes tous les mercredis, jeudis et vendredis soirs et le samedi matin et met \u00e0 votre disposition 4 terrains pour jouer en loisirs ou en comp\u00e9tition.","publisher":{"@id":"https:\/\/babad.fr\/#\/schema\/person\/e8a11ed124097a9c25882474f5a403d5"},"potentialAction":[{"@type":"SearchAction","target":{"@type":"EntryPoint","urlTemplate":"https:\/\/babad.fr\/?s={search_term_string}"},"query-input":"required name=search_term_string"}],"inLanguage":"fr-FR"},{"@type":["Person","Organization"],"@id":"https:\/\/babad.fr\/#\/schema\/person\/e8a11ed124097a9c25882474f5a403d5","name":"babad","image":{"@type":"ImageObject","inLanguage":"fr-FR","@id":"https:\/\/babad.fr\/#\/schema\/person\/image\/","url":"https:\/\/secure.gravatar.com\/avatar\/b83764d372c273528312bec210c5a854?s=96&d=mm&r=g","contentUrl":"https:\/\/secure.gravatar.com\/avatar\/b83764d372c273528312bec210c5a854?s=96&d=mm&r=g","caption":"babad"},"logo":{"@id":"https:\/\/babad.fr\/#\/schema\/person\/image\/"}}]}},"_links":{"self":[{"href":"https:\/\/babad.fr\/index.php\/wp-json\/wp\/v2\/pages\/157"}],"collection":[{"href":"https:\/\/babad.fr\/index.php\/wp-json\/wp\/v2\/pages"}],"about":[{"href":"https:\/\/babad.fr\/index.php\/wp-json\/wp\/v2\/types\/page"}],"author":[{"embeddable":true,"href":"https:\/\/babad.fr\/index.php\/wp-json\/wp\/v2\/users\/1"}],"replies":[{"embeddable":true,"href":"https:\/\/babad.fr\/index.php\/wp-json\/wp\/v2\/comments?post=157"}],"version-history":[{"count":8,"href":"https:\/\/babad.fr\/index.php\/wp-json\/wp\/v2\/pages\/157\/revisions"}],"predecessor-version":[{"id":820,"href":"https:\/\/babad.fr\/index.php\/wp-json\/wp\/v2\/pages\/157\/revisions\/820"}],"up":[{"embeddable":true,"href":"https:\/\/babad.fr\/index.php\/wp-json\/wp\/v2\/pages\/123"}],"wp:attachment":[{"href":"https:\/\/babad.fr\/index.php\/wp-json\/wp\/v2\/media?parent=157"}],"curies":[{"name":"wp","href":"https:\/\/api.w.org\/{rel}","templated":true}]}}