{"id":272,"date":"2017-10-24T22:56:09","date_gmt":"2017-10-24T20:56:09","guid":{"rendered":"http:\/\/babad.fr\/?page_id=272"},"modified":"2022-12-19T21:06:16","modified_gmt":"2022-12-19T20:06:16","slug":"photos","status":"publish","type":"page","link":"https:\/\/babad.fr\/index.php\/photos\/","title":{"rendered":"Photos"},"content":{"rendered":"\n<p><\/p>\n\n\n<p>Saison 2022 \/ 2023 :<\/p>\n<p><img loading=\"lazy\" decoding=\"async\" class=\"aligncenter size-large wp-image-733\" src=\"https:\/\/babad.fr\/wp-content\/uploads\/2022\/12\/Photo-collectif-jeunes-1024x683.jpg\" alt=\"\" width=\"640\" height=\"427\" srcset=\"https:\/\/babad.fr\/wp-content\/uploads\/2022\/12\/Photo-collectif-jeunes-1024x683.jpg 1024w, https:\/\/babad.fr\/wp-content\/uploads\/2022\/12\/Photo-collectif-jeunes-300x200.jpg 300w, https:\/\/babad.fr\/wp-content\/uploads\/2022\/12\/Photo-collectif-jeunes-768x512.jpg 768w, https:\/\/babad.fr\/wp-content\/uploads\/2022\/12\/Photo-collectif-jeunes-1536x1024.jpg 1536w, https:\/\/babad.fr\/wp-content\/uploads\/2022\/12\/Photo-collectif-jeunes-2048x1365.jpg 2048w\" sizes=\"(max-width: 640px) 100vw, 640px\" \/><\/p>\n<p>Saison 2021 \/ 2022 :<\/p>\n<p><img loading=\"lazy\" decoding=\"async\" class=\"aligncenter size-large wp-image-689\" src=\"https:\/\/babad.fr\/wp-content\/uploads\/2021\/10\/Meylan-3-10-1024x768.jpg\" alt=\"\" width=\"640\" height=\"480\" srcset=\"https:\/\/babad.fr\/wp-content\/uploads\/2021\/10\/Meylan-3-10-1024x768.jpg 1024w, https:\/\/babad.fr\/wp-content\/uploads\/2021\/10\/Meylan-3-10-300x225.jpg 300w, https:\/\/babad.fr\/wp-content\/uploads\/2021\/10\/Meylan-3-10-768x576.jpg 768w, https:\/\/babad.fr\/wp-content\/uploads\/2021\/10\/Meylan-3-10-1536x1152.jpg 1536w, https:\/\/babad.fr\/wp-content\/uploads\/2021\/10\/Meylan-3-10-800x600.jpg 800w, https:\/\/babad.fr\/wp-content\/uploads\/2021\/10\/Meylan-3-10.jpg 2016w\" sizes=\"(max-width: 640px) 100vw, 640px\" \/><\/p>\n<p><img loading=\"lazy\" decoding=\"async\" class=\"aligncenter size-full wp-image-734\" src=\"https:\/\/babad.fr\/wp-content\/uploads\/2022\/12\/photo-equipe-1.jpg\" alt=\"\" width=\"960\" height=\"729\" srcset=\"https:\/\/babad.fr\/wp-content\/uploads\/2022\/12\/photo-equipe-1.jpg 960w, https:\/\/babad.fr\/wp-content\/uploads\/2022\/12\/photo-equipe-1-300x228.jpg 300w, https:\/\/babad.fr\/wp-content\/uploads\/2022\/12\/photo-equipe-1-768x583.jpg 768w\" sizes=\"(max-width: 960px) 100vw, 960px\" \/><\/p>\n<p><img loading=\"lazy\" decoding=\"async\" class=\"aligncenter size-large wp-image-735\" src=\"https:\/\/babad.fr\/wp-content\/uploads\/2022\/12\/photo-equipe-2-1024x768.jpg\" alt=\"\" width=\"640\" height=\"480\" srcset=\"https:\/\/babad.fr\/wp-content\/uploads\/2022\/12\/photo-equipe-2-1024x768.jpg 1024w, https:\/\/babad.fr\/wp-content\/uploads\/2022\/12\/photo-equipe-2-300x225.jpg 300w, https:\/\/babad.fr\/wp-content\/uploads\/2022\/12\/photo-equipe-2-768x576.jpg 768w, https:\/\/babad.fr\/wp-content\/uploads\/2022\/12\/photo-equipe-2.jpg 1440w\" sizes=\"(max-width: 640px) 100vw, 640px\" \/><\/p>\n<p><img loading=\"lazy\" decoding=\"async\" class=\"aligncenter size-full wp-image-737\" src=\"https:\/\/babad.fr\/wp-content\/uploads\/2022\/12\/equipe-2.jpg\" alt=\"\" width=\"960\" height=\"960\" srcset=\"https:\/\/babad.fr\/wp-content\/uploads\/2022\/12\/equipe-2.jpg 960w, https:\/\/babad.fr\/wp-content\/uploads\/2022\/12\/equipe-2-300x300.jpg 300w, https:\/\/babad.fr\/wp-content\/uploads\/2022\/12\/equipe-2-150x150.jpg 150w, https:\/\/babad.fr\/wp-content\/uploads\/2022\/12\/equipe-2-768x768.jpg 768w\" sizes=\"(max-width: 960px) 100vw, 960px\" \/><\/p>\n<p>Saison 2018 \/ 2019 :<\/p>\n<p><img loading=\"lazy\" decoding=\"async\" class=\"aligncenter size-large wp-image-541\" src=\"https:\/\/babad.fr\/wp-content\/uploads\/2018\/03\/Photo-Dauphine-Eq-1-J7-1024x683.jpg\" alt=\"\" width=\"640\" height=\"427\" srcset=\"https:\/\/babad.fr\/wp-content\/uploads\/2018\/03\/Photo-Dauphine-Eq-1-J7-1024x683.jpg 1024w, https:\/\/babad.fr\/wp-content\/uploads\/2018\/03\/Photo-Dauphine-Eq-1-J7-300x200.jpg 300w, https:\/\/babad.fr\/wp-content\/uploads\/2018\/03\/Photo-Dauphine-Eq-1-J7-768x512.jpg 768w, https:\/\/babad.fr\/wp-content\/uploads\/2018\/03\/Photo-Dauphine-Eq-1-J7-800x534.jpg 800w, https:\/\/babad.fr\/wp-content\/uploads\/2018\/03\/Photo-Dauphine-Eq-1-J7.jpg 1349w\" sizes=\"(max-width: 640px) 100vw, 640px\" \/><\/p>\n<p><img loading=\"lazy\" decoding=\"async\" class=\"aligncenter size-large wp-image-590\" src=\"https:\/\/babad.fr\/wp-content\/uploads\/2018\/10\/Voreppe-14-10-01-2-1024x768.jpg\" alt=\"\" width=\"640\" height=\"480\" srcset=\"https:\/\/babad.fr\/wp-content\/uploads\/2018\/10\/Voreppe-14-10-01-2-1024x768.jpg 1024w, https:\/\/babad.fr\/wp-content\/uploads\/2018\/10\/Voreppe-14-10-01-2-300x225.jpg 300w, https:\/\/babad.fr\/wp-content\/uploads\/2018\/10\/Voreppe-14-10-01-2-768x576.jpg 768w, https:\/\/babad.fr\/wp-content\/uploads\/2018\/10\/Voreppe-14-10-01-2-800x600.jpg 800w, https:\/\/babad.fr\/wp-content\/uploads\/2018\/10\/Voreppe-14-10-01-2.jpg 1600w\" sizes=\"(max-width: 640px) 100vw, 640px\" \/><\/p>\n<p>Saison 2017 \/ 2018 :<\/p>\n<p><img loading=\"lazy\" decoding=\"async\" class=\"aligncenter size-full wp-image-562\" src=\"https:\/\/babad.fr\/wp-content\/uploads\/2018\/04\/Gr\u00e9sifolies-22-04-01-1.jpg\" alt=\"\" width=\"720\" height=\"820\" srcset=\"https:\/\/babad.fr\/wp-content\/uploads\/2018\/04\/Gr\u00e9sifolies-22-04-01-1.jpg 720w, https:\/\/babad.fr\/wp-content\/uploads\/2018\/04\/Gr\u00e9sifolies-22-04-01-1-263x300.jpg 263w\" sizes=\"(max-width: 720px) 100vw, 720px\" \/><\/p>","protected":false},"excerpt":{"rendered":"<p>Saison 2022 \/ 2023 : Saison 2021 \/ 2022 : Saison 2018 \/ 2019 : Saison 2017 \/ 2018 :<\/p>\n","protected":false},"author":1,"featured_media":0,"parent":0,"menu_order":0,"comment_status":"closed","ping_status":"closed","template":"","meta":{"footnotes":""},"yoast_head":"<!-- This site is optimized with the Yoast SEO plugin v21.7 - https:\/\/yoast.com\/wordpress\/plugins\/seo\/ -->\n<title>Photos - B-A Bad des Commiers (BBC38)<\/title>\n<meta name=\"robots\" content=\"index, follow, max-snippet:-1, max-image-preview:large, max-video-preview:-1\" \/>\n<link rel=\"canonical\" href=\"https:\/\/babad.fr\/index.php\/photos\/\" \/>\n<meta property=\"og:locale\" content=\"fr_FR\" \/>\n<meta property=\"og:type\" content=\"article\" \/>\n<meta property=\"og:title\" content=\"Photos - B-A Bad des Commiers (BBC38)\" \/>\n<meta property=\"og:description\" content=\"Saison 2022 \/ 2023 : Saison 2021 \/ 2022 : Saison 2018 \/ 2019 : Saison 2017 \/ 2018 :\" \/>\n<meta property=\"og:url\" content=\"https:\/\/babad.fr\/index.php\/photos\/\" \/>\n<meta property=\"og:site_name\" content=\"B-A Bad des Commiers (BBC38)\" \/>\n<meta property=\"article:modified_time\" content=\"2022-12-19T20:06:16+00:00\" \/>\n<meta property=\"og:image\" content=\"http:\/\/babad.fr\/wp-content\/uploads\/2022\/12\/Photo-collectif-jeunes-1024x683.jpg\" \/>\n<meta name=\"twitter:card\" content=\"summary_large_image\" \/>\n<script type=\"application\/ld+json\" class=\"yoast-schema-graph\">{\"@context\":\"https:\/\/schema.org\",\"@graph\":[{\"@type\":\"WebPage\",\"@id\":\"https:\/\/babad.fr\/index.php\/photos\/\",\"url\":\"https:\/\/babad.fr\/index.php\/photos\/\",\"name\":\"Photos - B-A Bad des Commiers (BBC38)\",\"isPartOf\":{\"@id\":\"https:\/\/babad.fr\/#website\"},\"datePublished\":\"2017-10-24T20:56:09+00:00\",\"dateModified\":\"2022-12-19T20:06:16+00:00\",\"breadcrumb\":{\"@id\":\"https:\/\/babad.fr\/index.php\/photos\/#breadcrumb\"},\"inLanguage\":\"fr-FR\",\"potentialAction\":[{\"@type\":\"ReadAction\",\"target\":[\"https:\/\/babad.fr\/index.php\/photos\/\"]}]},{\"@type\":\"BreadcrumbList\",\"@id\":\"https:\/\/babad.fr\/index.php\/photos\/#breadcrumb\",\"itemListElement\":[{\"@type\":\"ListItem\",\"position\":1,\"name\":\"Accueil\",\"item\":\"https:\/\/babad.fr\/\"},{\"@type\":\"ListItem\",\"position\":2,\"name\":\"Photos\"}]},{\"@type\":\"WebSite\",\"@id\":\"https:\/\/babad.fr\/#website\",\"url\":\"https:\/\/babad.fr\/\",\"name\":\"B-A Bad des Commiers (BBC38)\",\"description\":\"Le club de badminton de Saint Georges de Commiers, affili\u00e9 \u00e0 la f\u00e9d\u00e9ration fran\u00e7aise de badminton, vous accueille au gymnase des Combettes tous les mercredis, jeudis et vendredis soirs et le samedi matin et met \u00e0 votre disposition 4 terrains pour jouer en loisirs ou en comp\u00e9tition.\",\"publisher\":{\"@id\":\"https:\/\/babad.fr\/#\/schema\/person\/e8a11ed124097a9c25882474f5a403d5\"},\"potentialAction\":[{\"@type\":\"SearchAction\",\"target\":{\"@type\":\"EntryPoint\",\"urlTemplate\":\"https:\/\/babad.fr\/?s={search_term_string}\"},\"query-input\":\"required name=search_term_string\"}],\"inLanguage\":\"fr-FR\"},{\"@type\":[\"Person\",\"Organization\"],\"@id\":\"https:\/\/babad.fr\/#\/schema\/person\/e8a11ed124097a9c25882474f5a403d5\",\"name\":\"babad\",\"image\":{\"@type\":\"ImageObject\",\"inLanguage\":\"fr-FR\",\"@id\":\"https:\/\/babad.fr\/#\/schema\/person\/image\/\",\"url\":\"https:\/\/secure.gravatar.com\/avatar\/b83764d372c273528312bec210c5a854?s=96&d=mm&r=g\",\"contentUrl\":\"https:\/\/secure.gravatar.com\/avatar\/b83764d372c273528312bec210c5a854?s=96&d=mm&r=g\",\"caption\":\"babad\"},\"logo\":{\"@id\":\"https:\/\/babad.fr\/#\/schema\/person\/image\/\"}}]}<\/script>\n<!-- \/ Yoast SEO plugin. -->","yoast_head_json":{"title":"Photos - B-A Bad des Commiers (BBC38)","robots":{"index":"index","follow":"follow","max-snippet":"max-snippet:-1","max-image-preview":"max-image-preview:large","max-video-preview":"max-video-preview:-1"},"canonical":"https:\/\/babad.fr\/index.php\/photos\/","og_locale":"fr_FR","og_type":"article","og_title":"Photos - B-A Bad des Commiers (BBC38)","og_description":"Saison 2022 \/ 2023 : Saison 2021 \/ 2022 : Saison 2018 \/ 2019 : Saison 2017 \/ 2018 :","og_url":"https:\/\/babad.fr\/index.php\/photos\/","og_site_name":"B-A Bad des Commiers (BBC38)","article_modified_time":"2022-12-19T20:06:16+00:00","og_image":[{"url":"http:\/\/babad.fr\/wp-content\/uploads\/2022\/12\/Photo-collectif-jeunes-1024x683.jpg"}],"twitter_card":"summary_large_image","schema":{"@context":"https:\/\/schema.org","@graph":[{"@type":"WebPage","@id":"https:\/\/babad.fr\/index.php\/photos\/","url":"https:\/\/babad.fr\/index.php\/photos\/","name":"Photos - B-A Bad des Commiers (BBC38)","isPartOf":{"@id":"https:\/\/babad.fr\/#website"},"datePublished":"2017-10-24T20:56:09+00:00","dateModified":"2022-12-19T20:06:16+00:00","breadcrumb":{"@id":"https:\/\/babad.fr\/index.php\/photos\/#breadcrumb"},"inLanguage":"fr-FR","potentialAction":[{"@type":"ReadAction","target":["https:\/\/babad.fr\/index.php\/photos\/"]}]},{"@type":"BreadcrumbList","@id":"https:\/\/babad.fr\/index.php\/photos\/#breadcrumb","itemListElement":[{"@type":"ListItem","position":1,"name":"Accueil","item":"https:\/\/babad.fr\/"},{"@type":"ListItem","position":2,"name":"Photos"}]},{"@type":"WebSite","@id":"https:\/\/babad.fr\/#website","url":"https:\/\/babad.fr\/","name":"B-A Bad des Commiers (BBC38)","description":"Le club de badminton de Saint Georges de Commiers, affili\u00e9 \u00e0 la f\u00e9d\u00e9ration fran\u00e7aise de badminton, vous accueille au gymnase des Combettes tous les mercredis, jeudis et vendredis soirs et le samedi matin et met \u00e0 votre disposition 4 terrains pour jouer en loisirs ou en comp\u00e9tition.","publisher":{"@id":"https:\/\/babad.fr\/#\/schema\/person\/e8a11ed124097a9c25882474f5a403d5"},"potentialAction":[{"@type":"SearchAction","target":{"@type":"EntryPoint","urlTemplate":"https:\/\/babad.fr\/?s={search_term_string}"},"query-input":"required name=search_term_string"}],"inLanguage":"fr-FR"},{"@type":["Person","Organization"],"@id":"https:\/\/babad.fr\/#\/schema\/person\/e8a11ed124097a9c25882474f5a403d5","name":"babad","image":{"@type":"ImageObject","inLanguage":"fr-FR","@id":"https:\/\/babad.fr\/#\/schema\/person\/image\/","url":"https:\/\/secure.gravatar.com\/avatar\/b83764d372c273528312bec210c5a854?s=96&d=mm&r=g","contentUrl":"https:\/\/secure.gravatar.com\/avatar\/b83764d372c273528312bec210c5a854?s=96&d=mm&r=g","caption":"babad"},"logo":{"@id":"https:\/\/babad.fr\/#\/schema\/person\/image\/"}}]}},"_links":{"self":[{"href":"https:\/\/babad.fr\/index.php\/wp-json\/wp\/v2\/pages\/272"}],"collection":[{"href":"https:\/\/babad.fr\/index.php\/wp-json\/wp\/v2\/pages"}],"about":[{"href":"https:\/\/babad.fr\/index.php\/wp-json\/wp\/v2\/types\/page"}],"author":[{"embeddable":true,"href":"https:\/\/babad.fr\/index.php\/wp-json\/wp\/v2\/users\/1"}],"replies":[{"embeddable":true,"href":"https:\/\/babad.fr\/index.php\/wp-json\/wp\/v2\/comments?post=272"}],"version-history":[{"count":6,"href":"https:\/\/babad.fr\/index.php\/wp-json\/wp\/v2\/pages\/272\/revisions"}],"predecessor-version":[{"id":738,"href":"https:\/\/babad.fr\/index.php\/wp-json\/wp\/v2\/pages\/272\/revisions\/738"}],"wp:attachment":[{"href":"https:\/\/babad.fr\/index.php\/wp-json\/wp\/v2\/media?parent=272"}],"curies":[{"name":"wp","href":"https:\/\/api.w.org\/{rel}","templated":true}]}}

<p></p>


<p>Saison 2022 / 2023 :</p>
<p><img loading="lazy" decoding="async" class="aligncenter size-large wp-image-733" src="https://babad.fr/wp-content/uploads/2022/12/Photo-collectif-jeunes-1024x683.jpg" alt="" width="640" height="427" srcset="https://babad.fr/wp-content/uploads/2022/12/Photo-collectif-jeunes-1024x683.jpg 1024w, https://babad.fr/wp-content/uploads/2022/12/Photo-collectif-jeunes-300x200.jpg 300w, https://babad.fr/wp-content/uploads/2022/12/Photo-collectif-jeunes-768x512.jpg 768w, https://babad.fr/wp-content/uploads/2022/12/Photo-collectif-jeunes-1536x1024.jpg 1536w, https://babad.fr/wp-content/uploads/2022/12/Photo-collectif-jeunes-2048x1365.jpg 2048w" sizes="(max-width: 640px) 100vw, 640px" /></p>
<p>Saison 2021 / 2022 :</p>
<p><img loading="lazy" decoding="async" class="aligncenter size-large wp-image-689" src="https://babad.fr/wp-content/uploads/2021/10/Meylan-3-10-1024x768.jpg" alt="" width="640" height="480" srcset="https://babad.fr/wp-content/uploads/2021/10/Meylan-3-10-1024x768.jpg 1024w, https://babad.fr/wp-content/uploads/2021/10/Meylan-3-10-300x225.jpg 300w, https://babad.fr/wp-content/uploads/2021/10/Meylan-3-10-768x576.jpg 768w, https://babad.fr/wp-content/uploads/2021/10/Meylan-3-10-1536x1152.jpg 1536w, https://babad.fr/wp-content/uploads/2021/10/Meylan-3-10-800x600.jpg 800w, https://babad.fr/wp-content/uploads/2021/10/Meylan-3-10.jpg 2016w" sizes="(max-width: 640px) 100vw, 640px" /></p>
<p><img loading="lazy" decoding="async" class="aligncenter size-full wp-image-734" src="https://babad.fr/wp-content/uploads/2022/12/photo-equipe-1.jpg" alt="" width="960" height="729" srcset="https://babad.fr/wp-content/uploads/2022/12/photo-equipe-1.jpg 960w, https://babad.fr/wp-content/uploads/2022/12/photo-equipe-1-300x228.jpg 300w, https://babad.fr/wp-content/uploads/2022/12/photo-equipe-1-768x583.jpg 768w" sizes="(max-width: 960px) 100vw, 960px" /></p>
<p><img loading="lazy" decoding="async" class="aligncenter size-large wp-image-735" src="https://babad.fr/wp-content/uploads/2022/12/photo-equipe-2-1024x768.jpg" alt="" width="640" height="480" srcset="https://babad.fr/wp-content/uploads/2022/12/photo-equipe-2-1024x768.jpg 1024w, https://babad.fr/wp-content/uploads/2022/12/photo-equipe-2-300x225.jpg 300w, https://babad.fr/wp-content/uploads/2022/12/photo-equipe-2-768x576.jpg 768w, https://babad.fr/wp-content/uploads/2022/12/photo-equipe-2.jpg 1440w" sizes="(max-width: 640px) 100vw, 640px" /></p>
<p><img loading="lazy" decoding="async" class="aligncenter size-full wp-image-737" src="https://babad.fr/wp-content/uploads/2022/12/equipe-2.jpg" alt="" width="960" height="960" srcset="https://babad.fr/wp-content/uploads/2022/12/equipe-2.jpg 960w, https://babad.fr/wp-content/uploads/2022/12/equipe-2-300x300.jpg 300w, https://babad.fr/wp-content/uploads/2022/12/equipe-2-150x150.jpg 150w, https://babad.fr/wp-content/uploads/2022/12/equipe-2-768x768.jpg 768w" sizes="(max-width: 960px) 100vw, 960px" /></p>
<p>Saison 2018 / 2019 :</p>
<p><img loading="lazy" decoding="async" class="aligncenter size-large wp-image-541" src="https://babad.fr/wp-content/uploads/2018/03/Photo-Dauphine-Eq-1-J7-1024x683.jpg" alt="" width="640" height="427" srcset="https://babad.fr/wp-content/uploads/2018/03/Photo-Dauphine-Eq-1-J7-1024x683.jpg 1024w, https://babad.fr/wp-content/uploads/2018/03/Photo-Dauphine-Eq-1-J7-300x200.jpg 300w, https://babad.fr/wp-content/uploads/2018/03/Photo-Dauphine-Eq-1-J7-768x512.jpg 768w, https://babad.fr/wp-content/uploads/2018/03/Photo-Dauphine-Eq-1-J7-800x534.jpg 800w, https://babad.fr/wp-content/uploads/2018/03/Photo-Dauphine-Eq-1-J7.jpg 1349w" sizes="(max-width: 640px) 100vw, 640px" /></p>
<p><img loading="lazy" decoding="async" class="aligncenter size-large wp-image-590" src="https://babad.fr/wp-content/uploads/2018/10/Voreppe-14-10-01-2-1024x768.jpg" alt="" width="640" height="480" srcset="https://babad.fr/wp-content/uploads/2018/10/Voreppe-14-10-01-2-1024x768.jpg 1024w, https://babad.fr/wp-content/uploads/2018/10/Voreppe-14-10-01-2-300x225.jpg 300w, https://babad.fr/wp-content/uploads/2018/10/Voreppe-14-10-01-2-768x576.jpg 768w, https://babad.fr/wp-content/uploads/2018/10/Voreppe-14-10-01-2-800x600.jpg 800w, https://babad.fr/wp-content/uploads/2018/10/Voreppe-14-10-01-2.jpg 1600w" sizes="(max-width: 640px) 100vw, 640px" /></p>
<p>Saison 2017 / 2018 :</p>
<p><img loading="lazy" decoding="async" class="aligncenter size-full wp-image-562" src="https://babad.fr/wp-content/uploads/2018/04/Grésifolies-22-04-01-1.jpg" alt="" width="720" height="820" srcset="https://babad.fr/wp-content/uploads/2018/04/Grésifolies-22-04-01-1.jpg 720w, https://babad.fr/wp-content/uploads/2018/04/Grésifolies-22-04-01-1-263x300.jpg 263w" sizes="(max-width: 720px) 100vw, 720px" /></p>

<!-- This site is optimized with the Yoast SEO plugin v21.7 - https://yoast.com/wordpress/plugins/seo/ -->
<title>Photos - B-A Bad des Commiers (BBC38)</title>
<meta name="robots" content="index, follow, max-snippet:-1, max-image-preview:large, max-video-preview:-1" />
<link rel="canonical" href="https://babad.fr/index.php/photos/" />
<meta property="og:locale" content="fr_FR" />
<meta property="og:type" content="article" />
<meta property="og:title" content="Photos - B-A Bad des Commiers (BBC38)" />
<meta property="og:description" content="Saison 2022 / 2023 : Saison 2021 / 2022 : Saison 2018 / 2019 : Saison 2017 / 2018 :" />
<meta property="og:url" content="https://babad.fr/index.php/photos/" />
<meta property="og:site_name" content="B-A Bad des Commiers (BBC38)" />
<meta property="article:modified_time" content="2022-12-19T20:06:16+00:00" />
<meta property="og:image" content="http://babad.fr/wp-content/uploads/2022/12/Photo-collectif-jeunes-1024x683.jpg" />
<meta name="twitter:card" content="summary_large_image" />
<script type="application/ld+json" class="yoast-schema-graph">{"@context":"https://schema.org","@graph":[{"@type":"WebPage","@id":"https://babad.fr/index.php/photos/","url":"https://babad.fr/index.php/photos/","name":"Photos - B-A Bad des Commiers (BBC38)","isPartOf":{"@id":"https://babad.fr/#website"},"datePublished":"2017-10-24T20:56:09+00:00","dateModified":"2022-12-19T20:06:16+00:00","breadcrumb":{"@id":"https://babad.fr/index.php/photos/#breadcrumb"},"inLanguage":"fr-FR","potentialAction":[{"@type":"ReadAction","target":["https://babad.fr/index.php/photos/"]}]},{"@type":"BreadcrumbList","@id":"https://babad.fr/index.php/photos/#breadcrumb","itemListElement":[{"@type":"ListItem","position":1,"name":"Accueil","item":"https://babad.fr/"},{"@type":"ListItem","position":2,"name":"Photos"}]},{"@type":"WebSite","@id":"https://babad.fr/#website","url":"https://babad.fr/","name":"B-A Bad des Commiers (BBC38)","description":"Le club de badminton de Saint Georges de Commiers, affilié à la fédération française de badminton, vous accueille au gymnase des Combettes tous les mercredis, jeudis et vendredis soirs et le samedi matin et met à votre disposition 4 terrains pour jouer en loisirs ou en compétition.","publisher":{"@id":"https://babad.fr/#/schema/person/e8a11ed124097a9c25882474f5a403d5"},"potentialAction":[{"@type":"SearchAction","target":{"@type":"EntryPoint","urlTemplate":"https://babad.fr/?s={search_term_string}"},"query-input":"required name=search_term_string"}],"inLanguage":"fr-FR"},{"@type":["Person","Organization"],"@id":"https://babad.fr/#/schema/person/e8a11ed124097a9c25882474f5a403d5","name":"babad","image":{"@type":"ImageObject","inLanguage":"fr-FR","@id":"https://babad.fr/#/schema/person/image/","url":"https://secure.gravatar.com/avatar/b83764d372c273528312bec210c5a854?s=96&d=mm&r=g","contentUrl":"https://secure.gravatar.com/avatar/b83764d372c273528312bec210c5a854?s=96&d=mm&r=g","caption":"babad"},"logo":{"@id":"https://babad.fr/#/schema/person/image/"}}]}</script>
<!-- / Yoast SEO plugin. -->

Le club de badminton de Saint Georges de Commiers, affilié à la fédération française de badminton, vous accueille au gymnase des Combettes tous les mercredis, jeudis et vendredis soirs et le samedi matin et met à votre disposition 4 terrains pour jouer en loisirs ou en compétition.
